{"id":12544,"date":"2024-04-23T17:26:34","date_gmt":"2024-04-23T17:26:34","guid":{"rendered":"https:\/\/tissu.lt\/?post_type=product&#038;p=12544"},"modified":"2024-08-14T17:18:19","modified_gmt":"2024-08-14T17:18:19","slug":"zasu-kojeles-5","status":"publish","type":"product","link":"https:\/\/tissu.lt\/?product=zasu-kojeles-5","title":{"rendered":"\u017d\u0104S\u0172 KOJEL\u0116S"},"content":{"rendered":"\t\t<div data-elementor-type=\"wp-post\" data-elementor-id=\"12544\" class=\"elementor elementor-12544\">\n\t\t\t\t\t\t<section class=\"elementor-section elementor-top-section elementor-element elementor-element-7b3c3462 elementor-section-content-middle elementor-section-boxed elementor-section-height-default elementor-section-height-default\" data-id=\"7b3c3462\" data-element_type=\"section\">\n\t\t\t\t\t\t<div class=\"elementor-container elementor-column-gap-wide\">\n\t\t\t\t\t<div class=\"elementor-column elementor-col-50 elementor-top-column elementor-element elementor-element-5c838a37\" data-id=\"5c838a37\" data-element_type=\"column\">\n\t\t\t<div class=\"elementor-widget-wrap elementor-element-populated\">\n\t\t\t\t\t\t<div class=\"elementor-element elementor-element-10f5243 elementor-widget elementor-widget-text-editor\" data-id=\"10f5243\" data-element_type=\"widget\" data-widget_type=\"text-editor.default\">\n\t\t\t\t<div class=\"elementor-widget-container\">\n\t\t\t\t\t\t\t\t\t<h2 style=\"text-align: left;\">Kambario herojus<\/h2><p style=\"text-align: left;\"><span style=\"color: #444444; font-size: 17px; font-weight: 400;\">Pufas yra legendinis daugiafunkcinis baldas. Tai staliukas daiktams, mink\u0161ta vieta atsis\u0117sti ar pakojis. Tai kambario herojus i\u0161tiestos rankos atstumu.<\/span><\/p>\t\t\t\t\t\t\t\t<\/div>\n\t\t\t\t<\/div>\n\t\t\t\t\t<\/div>\n\t\t<\/div>\n\t\t\t\t<div class=\"elementor-column elementor-col-50 elementor-top-column elementor-element elementor-element-3f7bdf6c\" data-id=\"3f7bdf6c\" data-element_type=\"column\">\n\t\t\t<div class=\"elementor-widget-wrap elementor-element-populated\">\n\t\t\t\t\t\t<div class=\"elementor-element elementor-element-28fe1a92 elementor-widget elementor-widget-image\" data-id=\"28fe1a92\" data-element_type=\"widget\" data-widget_type=\"image.default\">\n\t\t\t\t<div class=\"elementor-widget-container\">\n\t\t\t\t\t\t\t\t\t\t\t\t\t\t\t<img fetchpriority=\"high\" decoding=\"async\" width=\"800\" height=\"570\" src=\"https:\/\/tissu.lt\/wp-content\/uploads\/2021\/12\/Tissu-pufas-baltas.jpg\" class=\"attachment-large size-large wp-image-8849\" alt=\"\" srcset=\"https:\/\/tissu.lt\/wp-content\/uploads\/2021\/12\/Tissu-pufas-baltas.jpg 800w, https:\/\/tissu.lt\/wp-content\/uploads\/2021\/12\/Tissu-pufas-baltas-300x214.jpg 300w, https:\/\/tissu.lt\/wp-content\/uploads\/2021\/12\/Tissu-pufas-baltas-768x547.jpg 768w, https:\/\/tissu.lt\/wp-content\/uploads\/2021\/12\/Tissu-pufas-baltas-441x314.jpg 441w, https:\/\/tissu.lt\/wp-content\/uploads\/2021\/12\/Tissu-pufas-baltas-150x107.jpg 150w\" sizes=\"(max-width: 360px) 147px, (max-width: 800px) 100vw, 800px\" \/>\t\t\t\t\t\t\t\t\t\t\t\t\t\t\t<\/div>\n\t\t\t\t<\/div>\n\t\t\t\t\t<\/div>\n\t\t<\/div>\n\t\t\t\t\t<\/div>\n\t\t<\/section>\n\t\t\t\t<section class=\"elementor-section elementor-top-section elementor-element elementor-element-2e685add elementor-section-content-middle elementor-section-boxed elementor-section-height-default elementor-section-height-default\" data-id=\"2e685add\" data-element_type=\"section\">\n\t\t\t\t\t\t<div class=\"elementor-container elementor-column-gap-wide\">\n\t\t\t\t\t<div class=\"elementor-column elementor-col-50 elementor-top-column elementor-element elementor-element-32518ae6\" data-id=\"32518ae6\" data-element_type=\"column\">\n\t\t\t<div class=\"elementor-widget-wrap elementor-element-populated\">\n\t\t\t\t\t\t<div class=\"elementor-element elementor-element-29baa3b7 elementor-widget elementor-widget-image\" data-id=\"29baa3b7\" data-element_type=\"widget\" data-widget_type=\"image.default\">\n\t\t\t\t<div class=\"elementor-widget-container\">\n\t\t\t\t\t\t\t\t\t\t\t\t\t\t\t<img decoding=\"async\" width=\"800\" height=\"570\" src=\"https:\/\/tissu.lt\/wp-content\/uploads\/2021\/12\/Tissu-pufas-linksma.jpg\" class=\"attachment-large size-large wp-image-8854\" alt=\"\" srcset=\"https:\/\/tissu.lt\/wp-content\/uploads\/2021\/12\/Tissu-pufas-linksma.jpg 800w, https:\/\/tissu.lt\/wp-content\/uploads\/2021\/12\/Tissu-pufas-linksma-300x214.jpg 300w, https:\/\/tissu.lt\/wp-content\/uploads\/2021\/12\/Tissu-pufas-linksma-768x547.jpg 768w, https:\/\/tissu.lt\/wp-content\/uploads\/2021\/12\/Tissu-pufas-linksma-441x314.jpg 441w, https:\/\/tissu.lt\/wp-content\/uploads\/2021\/12\/Tissu-pufas-linksma-150x107.jpg 150w\" sizes=\"(max-width: 360px) 147px, (max-width: 800px) 100vw, 800px\" \/>\t\t\t\t\t\t\t\t\t\t\t\t\t\t\t<\/div>\n\t\t\t\t<\/div>\n\t\t\t\t\t<\/div>\n\t\t<\/div>\n\t\t\t\t<div class=\"elementor-column elementor-col-50 elementor-top-column elementor-element elementor-element-3479e201\" data-id=\"3479e201\" data-element_type=\"column\">\n\t\t\t<div class=\"elementor-widget-wrap elementor-element-populated\">\n\t\t\t\t\t\t<div class=\"elementor-element elementor-element-5341399d elementor-widget elementor-widget-text-editor\" data-id=\"5341399d\" data-element_type=\"widget\" data-widget_type=\"text-editor.default\">\n\t\t\t\t<div class=\"elementor-widget-container\">\n\t\t\t\t\t\t\t\t\t<h2>\u0160iuolaiki\u0161kam kambariui<\/h2><p>Mink\u0161tas pufo u\u017epildas neleis u\u017esigauti kojos pir\u0161t\u0173 net tamsiausi\u0105 nakt\u012f. Puo\u0161n\u016bs gobeleniniai audiniai puikiai prisiderins prie turim\u0173 bald\u0173 bei Tissu s\u0117dmai\u0161i\u0173.<\/p>\t\t\t\t\t\t\t\t<\/div>\n\t\t\t\t<\/div>\n\t\t\t\t\t<\/div>\n\t\t<\/div>\n\t\t\t\t\t<\/div>\n\t\t<\/section>\n\t\t\t\t<section class=\"elementor-section elementor-top-section elementor-element elementor-element-5b6c0f40 elementor-section-content-middle elementor-section-boxed elementor-section-height-default elementor-section-height-default\" data-id=\"5b6c0f40\" data-element_type=\"section\">\n\t\t\t\t\t\t<div class=\"elementor-container elementor-column-gap-wide\">\n\t\t\t\t\t<div class=\"elementor-column elementor-col-50 elementor-top-column elementor-element elementor-element-4063195d\" data-id=\"4063195d\" data-element_type=\"column\">\n\t\t\t<div class=\"elementor-widget-wrap elementor-element-populated\">\n\t\t\t\t\t\t<div class=\"elementor-element elementor-element-273bbe9e elementor-widget elementor-widget-text-editor\" data-id=\"273bbe9e\" data-element_type=\"widget\" data-widget_type=\"text-editor.default\">\n\t\t\t\t<div class=\"elementor-widget-container\">\n\t\t\t\t\t\t\t\t\t<h2>Met\u0173 garantija<\/h2><p>Visiems pufams suteikiame 1 met\u0173 garantija. Tad atsipalaiduokite ir susikoncentruokite \u012f Jums\u00a0 svarbius dalykus. Mes visada esame keli\u0173 mygtuk\u0173 paspaudimo atstumu.<\/p>\t\t\t\t\t\t\t\t<\/div>\n\t\t\t\t<\/div>\n\t\t\t\t\t<\/div>\n\t\t<\/div>\n\t\t\t\t<div class=\"elementor-column elementor-col-50 elementor-top-column elementor-element elementor-element-5a3d531a\" data-id=\"5a3d531a\" data-element_type=\"column\">\n\t\t\t<div class=\"elementor-widget-wrap elementor-element-populated\">\n\t\t\t\t\t\t<div class=\"elementor-element elementor-element-4a67256f elementor-widget elementor-widget-image\" data-id=\"4a67256f\" data-element_type=\"widget\" data-widget_type=\"image.default\">\n\t\t\t\t<div class=\"elementor-widget-container\">\n\t\t\t\t\t\t\t\t\t\t\t\t\t\t\t<img decoding=\"async\" width=\"800\" height=\"460\" src=\"https:\/\/tissu.lt\/wp-content\/uploads\/2021\/12\/Tissu-pufas-su-kojom-e1639573356385.jpg\" class=\"attachment-large size-large wp-image-8851\" alt=\"\" srcset=\"https:\/\/tissu.lt\/wp-content\/uploads\/2021\/12\/Tissu-pufas-su-kojom-e1639573356385.jpg 800w, https:\/\/tissu.lt\/wp-content\/uploads\/2021\/12\/Tissu-pufas-su-kojom-e1639573356385-300x173.jpg 300w, https:\/\/tissu.lt\/wp-content\/uploads\/2021\/12\/Tissu-pufas-su-kojom-e1639573356385-768x442.jpg 768w, https:\/\/tissu.lt\/wp-content\/uploads\/2021\/12\/Tissu-pufas-su-kojom-e1639573356385-441x254.jpg 441w, https:\/\/tissu.lt\/wp-content\/uploads\/2021\/12\/Tissu-pufas-su-kojom-e1639573356385-150x86.jpg 150w\" sizes=\"(max-width: 360px) 147px, (max-width: 800px) 100vw, 800px\" \/>\t\t\t\t\t\t\t\t\t\t\t\t\t\t\t<\/div>\n\t\t\t\t<\/div>\n\t\t\t\t\t<\/div>\n\t\t<\/div>\n\t\t\t\t\t<\/div>\n\t\t<\/section>\n\t\t\t\t<\/div>\n\t\t","protected":false},"excerpt":{"rendered":"<p id=\"tw-target-text\" class=\"tw-data-text tw-text-large tw-ta\" dir=\"ltr\" data-placeholder=\"Translation\"><span class=\"Y2IQFc\" lang=\"lt\">Prabangus, kubo formos pufas su itin mink\u0161tu audiniu. Spalva: \u012fvair\u016bs si\u016blai: juoda\/balta.<\/span><\/p>\n<p dir=\"ltr\" data-placeholder=\"Translation\">Dydis: 55 <span class=\"Y2IQFc\" lang=\"lt\">cm x 55 cm x 32 cm auk\u0161tis<\/span><\/p>\n<ul>\n<li>Tvirta, dvigubo susiuvimo konstrukcija3<\/li>\n<li>Trin\u010diai atsparus austinis audinys su vidiniu impilu<\/li>\n<li>Yra u\u017etrauktukas<\/li>\n<li>Galima skalbti 40 \u00b0C temperat\u016broje<\/li>\n<li><span class=\"Y2IQFc\" lang=\"lt\">Reguliuojamas s\u0117d\u0117jimo kietumas<\/span><\/li>\n<li>1 met\u0173 garantija<\/li>\n<\/ul>\n<p><strong>I\u0161ankstinis u\u017esakymas trunka iki 7 d.d.<\/strong><\/p>\n","protected":false},"featured_media":12346,"comment_status":"open","ping_status":"closed","template":"","meta":[],"product_cat":[22],"product_tag":[80,91,90,101,100,99],"class_list":{"0":"post-12544","1":"product","2":"type-product","3":"status-publish","4":"has-post-thumbnail","6":"product_cat-pufai","7":"product_tag-austinis","8":"product_tag-baltas","9":"product_tag-debeselis","10":"product_tag-kreminis","11":"product_tag-pagamintas-kantas","12":"product_tag-pufas","13":"product_shipping_class-sedmaisis","15":"first","16":"onbackorder","17":"shipping-taxable","18":"purchasable","19":"product-type-simple"},"_links":{"self":[{"href":"https:\/\/tissu.lt\/index.php?rest_route=\/wp\/v2\/product\/12544","targetHints":{"allow":["GET"]}}],"collection":[{"href":"https:\/\/tissu.lt\/index.php?rest_route=\/wp\/v2\/product"}],"about":[{"href":"https:\/\/tissu.lt\/index.php?rest_route=\/wp\/v2\/types\/product"}],"replies":[{"embeddable":true,"href":"https:\/\/tissu.lt\/index.php?rest_route=%2Fwp%2Fv2%2Fcomments&post=12544"}],"version-history":[{"count":2,"href":"https:\/\/tissu.lt\/index.php?rest_route=\/wp\/v2\/product\/12544\/revisions"}],"predecessor-version":[{"id":12546,"href":"https:\/\/tissu.lt\/index.php?rest_route=\/wp\/v2\/product\/12544\/revisions\/12546"}],"wp:featuredmedia":[{"embeddable":true,"href":"https:\/\/tissu.lt\/index.php?rest_route=\/wp\/v2\/media\/12346"}],"wp:attachment":[{"href":"https:\/\/tissu.lt\/index.php?rest_route=%2Fwp%2Fv2%2Fmedia&parent=12544"}],"wp:term":[{"taxonomy":"product_cat","embeddable":true,"href":"https:\/\/tissu.lt\/index.php?rest_route=%2Fwp%2Fv2%2Fproduct_cat&post=12544"},{"taxonomy":"product_tag","embeddable":true,"href":"https:\/\/tissu.lt\/index.php?rest_route=%2Fwp%2Fv2%2Fproduct_tag&post=12544"}],"curies":[{"name":"wp","href":"https:\/\/api.w.org\/{rel}","templated":true}]}}