{"id":13467,"date":"2025-10-14T08:14:55","date_gmt":"2025-10-14T08:14:55","guid":{"rendered":"https:\/\/tissu.lt\/?post_type=product&#038;p=13467"},"modified":"2025-12-11T14:58:06","modified_gmt":"2025-12-11T14:58:06","slug":"meskute","status":"publish","type":"product","link":"https:\/\/tissu.lt\/?product=meskute","title":{"rendered":"ME\u0160KUT\u0116"},"content":{"rendered":"\t\t<div data-elementor-type=\"wp-post\" data-elementor-id=\"13467\" class=\"elementor elementor-13467\">\n\t\t\t\t\t\t<section class=\"elementor-section elementor-top-section elementor-element elementor-element-7b3c3462 elementor-section-content-middle elementor-section-boxed elementor-section-height-default elementor-section-height-default\" data-id=\"7b3c3462\" data-element_type=\"section\">\n\t\t\t\t\t\t<div class=\"elementor-container elementor-column-gap-wide\">\n\t\t\t\t\t<div class=\"elementor-column elementor-col-50 elementor-top-column elementor-element elementor-element-5c838a37\" data-id=\"5c838a37\" data-element_type=\"column\">\n\t\t\t<div class=\"elementor-widget-wrap elementor-element-populated\">\n\t\t\t\t\t\t<div class=\"elementor-element elementor-element-10f5243 elementor-widget elementor-widget-text-editor\" data-id=\"10f5243\" data-element_type=\"widget\" data-widget_type=\"text-editor.default\">\n\t\t\t\t<div class=\"elementor-widget-container\">\n\t\t\t\t\t\t\t\t\t<h2>\u017dvaig\u017ed\u017ei\u0173 patikrinta kokyb\u0117\u00a0 \u00a0<\/h2><p>M\u016bs\u0173 siekis &#8211; sukurti labiausiai vertinam\u0105 prek\u0117s \u017eenkl\u0105 visuose Lietuvos namuose. Geid\u017eiamos d\u0117l bekompromis\u0117s pasiuvimo kokyb\u0117s, Tissu &#8222;<em>prabangios pagalv\u0117l\u0117s, s\u0117dmai\u0161iai ir pufai puo\u0161ia daugelio Lietuvos \u017evaig\u017ed\u017ei\u0173 namus&#8221; (LNK, 2021).<\/em><\/p>\t\t\t\t\t\t\t\t<\/div>\n\t\t\t\t<\/div>\n\t\t\t\t\t<\/div>\n\t\t<\/div>\n\t\t\t\t<div class=\"elementor-column elementor-col-50 elementor-top-column elementor-element elementor-element-3f7bdf6c\" data-id=\"3f7bdf6c\" data-element_type=\"column\">\n\t\t\t<div class=\"elementor-widget-wrap elementor-element-populated\">\n\t\t\t\t\t\t<div class=\"elementor-element elementor-element-28fe1a92 elementor-widget elementor-widget-image\" data-id=\"28fe1a92\" data-element_type=\"widget\" data-widget_type=\"image.default\">\n\t\t\t\t<div class=\"elementor-widget-container\">\n\t\t\t\t\t\t\t\t\t\t\t\t<figure class=\"wp-caption\">\n\t\t\t\t\t\t\t\t\t\t<img fetchpriority=\"high\" decoding=\"async\" width=\"520\" height=\"370\" src=\"https:\/\/tissu.lt\/wp-content\/uploads\/2021\/11\/Erika-Su-Mama-Tissu-product-page.jpg\" class=\"attachment-full size-full wp-image-8063\" alt=\"\" srcset=\"https:\/\/tissu.lt\/wp-content\/uploads\/2021\/11\/Erika-Su-Mama-Tissu-product-page.jpg 520w, https:\/\/tissu.lt\/wp-content\/uploads\/2021\/11\/Erika-Su-Mama-Tissu-product-page-300x213.jpg 300w, https:\/\/tissu.lt\/wp-content\/uploads\/2021\/11\/Erika-Su-Mama-Tissu-product-page-441x314.jpg 441w, https:\/\/tissu.lt\/wp-content\/uploads\/2021\/11\/Erika-Su-Mama-Tissu-product-page-150x107.jpg 150w\" sizes=\"(max-width: 360px) 147px, (max-width: 520px) 100vw, 520px\" \/>\t\t\t\t\t\t\t\t\t\t\t<figcaption class=\"widget-image-caption wp-caption-text\">Erika ir Nijol\u0117 (E&amp;N)<\/figcaption>\n\t\t\t\t\t\t\t\t\t\t<\/figure>\n\t\t\t\t\t\t\t\t\t<\/div>\n\t\t\t\t<\/div>\n\t\t\t\t\t<\/div>\n\t\t<\/div>\n\t\t\t\t\t<\/div>\n\t\t<\/section>\n\t\t\t\t<section class=\"elementor-section elementor-top-section elementor-element elementor-element-2e685add elementor-section-content-middle elementor-section-boxed elementor-section-height-default elementor-section-height-default\" data-id=\"2e685add\" data-element_type=\"section\">\n\t\t\t\t\t\t<div class=\"elementor-container elementor-column-gap-wide\">\n\t\t\t\t\t<div class=\"elementor-column elementor-col-50 elementor-top-column elementor-element elementor-element-32518ae6\" data-id=\"32518ae6\" data-element_type=\"column\">\n\t\t\t<div class=\"elementor-widget-wrap elementor-element-populated\">\n\t\t\t\t\t\t<div class=\"elementor-element elementor-element-29baa3b7 elementor-widget elementor-widget-image\" data-id=\"29baa3b7\" data-element_type=\"widget\" data-widget_type=\"image.default\">\n\t\t\t\t<div class=\"elementor-widget-container\">\n\t\t\t\t\t\t\t\t\t\t\t\t\t\t\t<img decoding=\"async\" width=\"520\" height=\"370\" src=\"https:\/\/tissu.lt\/wp-content\/uploads\/2021\/11\/Medziagu-prabanga.jpg\" class=\"attachment-large size-large wp-image-8270\" alt=\"\" srcset=\"https:\/\/tissu.lt\/wp-content\/uploads\/2021\/11\/Medziagu-prabanga.jpg 520w, https:\/\/tissu.lt\/wp-content\/uploads\/2021\/11\/Medziagu-prabanga-300x213.jpg 300w, https:\/\/tissu.lt\/wp-content\/uploads\/2021\/11\/Medziagu-prabanga-441x314.jpg 441w, https:\/\/tissu.lt\/wp-content\/uploads\/2021\/11\/Medziagu-prabanga-150x107.jpg 150w\" sizes=\"(max-width: 360px) 147px, (max-width: 520px) 100vw, 520px\" \/>\t\t\t\t\t\t\t\t\t\t\t\t\t\t\t<\/div>\n\t\t\t\t<\/div>\n\t\t\t\t\t<\/div>\n\t\t<\/div>\n\t\t\t\t<div class=\"elementor-column elementor-col-50 elementor-top-column elementor-element elementor-element-3479e201\" data-id=\"3479e201\" data-element_type=\"column\">\n\t\t\t<div class=\"elementor-widget-wrap elementor-element-populated\">\n\t\t\t\t\t\t<div class=\"elementor-element elementor-element-5341399d elementor-widget elementor-widget-text-editor\" data-id=\"5341399d\" data-element_type=\"widget\" data-widget_type=\"text-editor.default\">\n\t\t\t\t<div class=\"elementor-widget-container\">\n\t\t\t\t\t\t\t\t\t<h2>Prakti\u0161ka prabanga<\/h2><p>Sekdamos besikei\u010dian\u010dias mados nam\u0173 tendencijas, atradome savitas audini\u0173 kombinacijas charakteringas Tissu. M\u016bs\u0173 \u017eenklo brai\u017e\u0105 atpa\u017einsite prisiliet\u0119 prie audini\u0173, kurie sukurti prakti\u0161kai prabangai tiems, kas dievina savo nam\u0173 jaukum\u0105.<\/p>\t\t\t\t\t\t\t\t<\/div>\n\t\t\t\t<\/div>\n\t\t\t\t\t<\/div>\n\t\t<\/div>\n\t\t\t\t\t<\/div>\n\t\t<\/section>\n\t\t\t\t<section class=\"elementor-section elementor-top-section elementor-element elementor-element-5b6c0f40 elementor-section-content-middle elementor-section-boxed elementor-section-height-default elementor-section-height-default\" data-id=\"5b6c0f40\" data-element_type=\"section\">\n\t\t\t\t\t\t<div class=\"elementor-container elementor-column-gap-wide\">\n\t\t\t\t\t<div class=\"elementor-column elementor-col-50 elementor-top-column elementor-element elementor-element-4063195d\" data-id=\"4063195d\" data-element_type=\"column\">\n\t\t\t<div class=\"elementor-widget-wrap elementor-element-populated\">\n\t\t\t\t\t\t<div class=\"elementor-element elementor-element-273bbe9e elementor-widget elementor-widget-text-editor\" data-id=\"273bbe9e\" data-element_type=\"widget\" data-widget_type=\"text-editor.default\">\n\t\t\t\t<div class=\"elementor-widget-container\">\n\t\t\t\t\t\t\t\t\t<h2>Kartu iki paskutinio dygsnio<\/h2><p>\u012esigijus Tissu prek\u0119, m\u016bs\u0173 kelion\u0117 kartu tuo nesibaigia. Jei nepavyks pamilti Tissu gaminio per 28 dienas, pad\u0117sime j\u012f nesunkiai gr\u0105\u017einti. Ta\u010diau ir v\u0117liau, visoms prek\u0117ms galioja 1 met\u0173 kokyb\u0117s garantija. Tad b\u016bkite tikri, J\u016bs\u0173 nam\u0173 gerov\u0117 m\u016bs\u0173 mintyse.<\/p>\t\t\t\t\t\t\t\t<\/div>\n\t\t\t\t<\/div>\n\t\t\t\t\t<\/div>\n\t\t<\/div>\n\t\t\t\t<div class=\"elementor-column elementor-col-50 elementor-top-column elementor-element elementor-element-5a3d531a\" data-id=\"5a3d531a\" data-element_type=\"column\">\n\t\t\t<div class=\"elementor-widget-wrap elementor-element-populated\">\n\t\t\t\t\t\t<div class=\"elementor-element elementor-element-4a67256f elementor-widget elementor-widget-image\" data-id=\"4a67256f\" data-element_type=\"widget\" data-widget_type=\"image.default\">\n\t\t\t\t<div class=\"elementor-widget-container\">\n\t\t\t\t\t\t\t\t\t\t\t\t\t\t\t<img decoding=\"async\" width=\"520\" height=\"370\" src=\"https:\/\/tissu.lt\/wp-content\/uploads\/2021\/11\/Kokybe-iki-dygsnio.jpg\" class=\"attachment-large size-large wp-image-8072\" alt=\"\" srcset=\"https:\/\/tissu.lt\/wp-content\/uploads\/2021\/11\/Kokybe-iki-dygsnio.jpg 520w, https:\/\/tissu.lt\/wp-content\/uploads\/2021\/11\/Kokybe-iki-dygsnio-300x213.jpg 300w, https:\/\/tissu.lt\/wp-content\/uploads\/2021\/11\/Kokybe-iki-dygsnio-441x314.jpg 441w, https:\/\/tissu.lt\/wp-content\/uploads\/2021\/11\/Kokybe-iki-dygsnio-150x107.jpg 150w\" sizes=\"(max-width: 360px) 147px, (max-width: 520px) 100vw, 520px\" \/>\t\t\t\t\t\t\t\t\t\t\t\t\t\t\t<\/div>\n\t\t\t\t<\/div>\n\t\t\t\t\t<\/div>\n\t\t<\/div>\n\t\t\t\t\t<\/div>\n\t\t<\/section>\n\t\t\t\t<section class=\"elementor-section elementor-top-section elementor-element elementor-element-75d12a7 elementor-section-boxed elementor-section-height-default elementor-section-height-default\" data-id=\"75d12a7\" data-element_type=\"section\">\n\t\t\t\t\t\t<div class=\"elementor-container elementor-column-gap-default\">\n\t\t\t\t\t<div class=\"elementor-column elementor-col-100 elementor-top-column elementor-element elementor-element-db12a63\" data-id=\"db12a63\" data-element_type=\"column\">\n\t\t\t<div class=\"elementor-widget-wrap elementor-element-populated\">\n\t\t\t\t\t\t<div class=\"elementor-element elementor-element-a86597f elementor-widget elementor-widget-image\" data-id=\"a86597f\" data-element_type=\"widget\" data-widget_type=\"image.default\">\n\t\t\t\t<div class=\"elementor-widget-container\">\n\t\t\t\t\t\t\t\t\t\t\t\t\t\t\t<img loading=\"lazy\" decoding=\"async\" width=\"350\" height=\"49\" src=\"https:\/\/tissu.lt\/wp-content\/uploads\/2021\/11\/Tissu-facebook-ivertinimas-3.jpg\" class=\"attachment-full size-full wp-image-7648\" alt=\"\" srcset=\"https:\/\/tissu.lt\/wp-content\/uploads\/2021\/11\/Tissu-facebook-ivertinimas-3.jpg 350w, https:\/\/tissu.lt\/wp-content\/uploads\/2021\/11\/Tissu-facebook-ivertinimas-3-300x42.jpg 300w, https:\/\/tissu.lt\/wp-content\/uploads\/2021\/11\/Tissu-facebook-ivertinimas-3-150x21.jpg 150w\" sizes=\"(max-width: 360px) 147px, (max-width: 350px) 100vw, 350px\" \/>\t\t\t\t\t\t\t\t\t\t\t\t\t\t\t<\/div>\n\t\t\t\t<\/div>\n\t\t\t\t\t<\/div>\n\t\t<\/div>\n\t\t\t\t\t<\/div>\n\t\t<\/section>\n\t\t\t\t<\/div>\n\t\t","protected":false},"excerpt":{"rendered":"<p id=\"tw-target-text\" class=\"tw-data-text tw-text-large tw-ta\" dir=\"ltr\" data-placeholder=\"Translation\">Itin mink\u0161tas ir \u0161velnus i\u0161skirtinio dizaino vaiki\u0161kas s\u0117dmai\u0161is.\u00a0 Spalva: pieno.<\/p>\n<ul>\n<li>Tvirta, dvigubo susiuvimo konstrukcija<\/li>\n<li>Trin\u010diai atsparus, auk\u0161tos kokyb\u0117s Teddy audinys<\/li>\n<li>Vidinis impilas<\/li>\n<li><span class=\"Y2IQFc\" lang=\"lt\">Reguliuojamas s\u0117d\u0117jimo kietumas<\/span><\/li>\n<li>Rekomenduojamas vaikams iki 9 m.<\/li>\n<li>Auk\u0161tis 65, plotis 90<\/li>\n<li>DOVANA \u2013 1 vnt tos pa\u010dios r\u016b\u0161ies pagalv\u0117l\u0117 &#8222;BURBULAS&#8221;<\/li>\n<li>1 met\u0173 garantija<\/li>\n<\/ul>\n","protected":false},"featured_media":13469,"comment_status":"open","ping_status":"closed","template":"","meta":[],"product_cat":[138],"product_tag":[172,78],"class_list":{"0":"post-13467","1":"product","2":"type-product","3":"status-publish","4":"has-post-thumbnail","6":"product_cat-sedmaisiai-minksti-baldai","7":"product_tag-meskute","8":"product_tag-sedmaisis","10":"first","11":"onbackorder","12":"shipping-taxable","13":"purchasable","14":"product-type-simple"},"_links":{"self":[{"href":"https:\/\/tissu.lt\/index.php?rest_route=\/wp\/v2\/product\/13467","targetHints":{"allow":["GET"]}}],"collection":[{"href":"https:\/\/tissu.lt\/index.php?rest_route=\/wp\/v2\/product"}],"about":[{"href":"https:\/\/tissu.lt\/index.php?rest_route=\/wp\/v2\/types\/product"}],"replies":[{"embeddable":true,"href":"https:\/\/tissu.lt\/index.php?rest_route=%2Fwp%2Fv2%2Fcomments&post=13467"}],"version-history":[{"count":2,"href":"https:\/\/tissu.lt\/index.php?rest_route=\/wp\/v2\/product\/13467\/revisions"}],"predecessor-version":[{"id":13473,"href":"https:\/\/tissu.lt\/index.php?rest_route=\/wp\/v2\/product\/13467\/revisions\/13473"}],"wp:featuredmedia":[{"embeddable":true,"href":"https:\/\/tissu.lt\/index.php?rest_route=\/wp\/v2\/media\/13469"}],"wp:attachment":[{"href":"https:\/\/tissu.lt\/index.php?rest_route=%2Fwp%2Fv2%2Fmedia&parent=13467"}],"wp:term":[{"taxonomy":"product_cat","embeddable":true,"href":"https:\/\/tissu.lt\/index.php?rest_route=%2Fwp%2Fv2%2Fproduct_cat&post=13467"},{"taxonomy":"product_tag","embeddable":true,"href":"https:\/\/tissu.lt\/index.php?rest_route=%2Fwp%2Fv2%2Fproduct_tag&post=13467"}],"curies":[{"name":"wp","href":"https:\/\/api.w.org\/{rel}","templated":true}]}}